 u(x) = -4 + 2 - 1 - 4*x**2 + 3*x**2. Let v be u(0). Determine d(v).
4
Let k(n) = -n**3 - 3*n**2 + 3*n. Let v be k(-3). Let b be 5/15 - 24/v. Suppose -5*d + 15 = 5*g, -6 = 3*g + b. Let j(x) = x**2 - 5*x + 3. Give j(d).
9
Let m(t) be the third derivative of -t**6/120 - 11*t**5/60 - t**4/24 + 13*t**3/6 + 28*t**2 - 8*t. Calculate m(-11).
24
Let y(d) = -d**3 - 5*d**2 - 2*d - 5. Suppose 6*j = -2*i + 5*j - 9, 3*i + 17 = -5*j. Calculate y(i).
-13
Let o(f) = f**2 - 8*f - 6. Suppose -24 = 4*w + l - 56, -2*l - 40 = -5*w. Determine o(w).
-6
Let b(d) = 3*d - 1. Let n be (-92)/(-23) + -3*1. Let v be (0 - n)/((-4)/20). What is b(v)?
14
Let d(k) = -7. Let w(a) = -a - 13. Let f(i) = 5*d(i) - 3*w(i). Calculate f(5).
19
Let p(h) = 25*h + 28. Let q be p(-1). Let z(y) be the second derivative of 1/12*y**4 + 5*y + 0 + q*y**2 - 5/3*y**3. Give z(8).
-10
Let q(b) = 3*b**3 - 6*b**2 + b - 28. Let m(a) = 2*a**3 - 4*a**2 + a - 18. Let p(i) = 8*m(i) - 5*q(i). What is p(3)?
14
Let c(q) = q**3 + 9*q**2 - q - 5. Suppose -19 - 1 = -5*r, 0 = g - 4*r + 10. Let m be g*(1 + 5/(-2)). Give c(m).
4
Let k(w) = -625 + 309 + 306 + 4*w**2 + 30*w. What is k(-8)?
6
Let m(u) = -u**3 + 5*u**2 - u + 11. Let k be 1*10*(-1)/(-2). Let l be m(k). Let d(w) = -w**3 + 5*w**2 + 8*w - 6. Calculate d(l).
6
Let i = -12 + 15. Suppose -3*d - 33 = i*v, -5*d - v = -3*v + 90. Let q = d - -14. Let t(u) = 3*u**2 + 4*u + 2. What is t(q)?
6
Let f(b) = b**3 - b**3 - 8*b**3 - 1. Suppose 4*v - y = 18 - 17, 7*y - 16 = 5*v. What is f(v)?
-9
Let i(f) = -f**3 - 11*f**2 - 9*f + 12. Let q be i(-10). Let m(x) = -2*x + 475*x**q - 474*x**2 + x - 3. Give m(4).
9
Let x(m) be the second derivative of 9*m + 7/6*m**3 + 0 - 5/12*m**4 + 1/2*m**2 - 1/20*m**5. Let w(c) = -c - 6. Let h be w(0). Give x(h).
-5
Let y(d) be the first derivative of d**4/4 + 4*d**3/3 - 5*d**2/2 + 7*d - 2. Suppose 5*a + 4 = 6*a. Let q be a/6*15/(-2). Calculate y(q).
7
Let c(b) = -2*b**3 + 66*b**2 + 5. Let h be c(33). Let f(p) = -p**2 + 7*p - 6. What is f(h)?
4
Let s(c) = 3*c + 5. Let r = -138 + 132. What is s(r)?
-13
Let l(h) be the second derivative of h**3/6 + 3*h**2/2 - 12*h. Suppose 2*f - 4 = 0, 6*x - 3*f = x + 74. Suppose 2*z + 2*z = x. Calculate l(z).
7
Let k be (-1)/(-2)*(-5 - -19). Let t(y) = -y**3 + 8*y**2 + 9*y + 5. Let a be t(9). Let d(h) = 2*h - h - a + 0. Give d(k).
2
Let b = 1698 + -1694. Let x(p) = -5*p**3 + 2*p**2 - 9*p - 8. Let g(w) = 4*w**3 - w**2 + 8*w + 7. Let r(v) = 6*g(v) + 5*x(v). Give r(b).
14
Let d = 281 + -302. Let m(n) = 2*n + 50. Calculate m(d).
8
Let q = -2162 - -2165. Let x(w) = -7*w + 18. Determine x(q).
-3
Let m = -1593 - -1601. Let y(k) = -k**3 + 7*k**2 + 5*k + 6. Calculate y(m).
-18
Let p(c) = -47*c**2 + 21*c**2 + 24*c**2 + 1 + 0*c + c - 3. Give p(-3).
-23
Let p(w) = -2*w**2 - 8*w + 26. Let l be p(-6). Suppose 0 = 4*f + 4*i + 32, 4*i + 2 = 3*f - l. Let o(a) = a**3 + 2*a**2 - 2*a + 1. Calculate o(f).
-23
Let s = -171 - -171. Let h(n) be the second derivative of 1/3*n**3 - 2*n + s - 1/12*n**4 + 3/2*n**2. What is h(5)?
-12
Let k be 48/20*(-5)/(-2). Let a(t) = 23*t - 10*t - 4*t + 3 - 3*t - t**2. What is a(k)?
3
Let l = 106 + -99. Let g(s) = -s**2 + 6*s + 2. Determine g(l).
-5
Let u(c) = -2*c + 13. Suppose -80*o + 84*o - 48 = 0. What is u(o)?
-11
Let w(t) = -1 + 11*t**2 - 12*t**2 + t**3 + t - 1. Let y = 1 + 2. Let b = y - 3. Calculate w(b).
-2
Let n(y) = y**2 - 2. Let t be n(2). Let f(u) = -4*u**2 - t*u + 23 + 15 - 39. Let i(x) = -x - 1. Let o be i(0). What is f(o)?
-3
Let z(m) = -m**3 - 5*m**2 - 5*m + 4. Let x be z(-3). Let i(y) = -7 + 0 + y + 2 + x. Determine i(8).
4
Let f be (-2 + -1)*(-1 + 0). Let g(a) = -a**3 - 3*a + 2. Let b(k) = 10*k**3 - k**2 + 25*k - 17. Let p(u) = b(u) + 9*g(u). Give p(f).
13
Suppose 3*d - 106 = 4*p, d - 14 - 3 = 5*p. Suppose 0 = -5*s + 2*h - 43 - 4, 5*s + 3*h = -d. Let i(n) = n - 6. Calculate i(s).
-15
Let b(c) = 5*c**3 + 0 - 8*c**2 + 4 + 9*c**2 - c - 5. Calculate b(-1).
-4
Suppose 4*a + 2*v = -10, -2*v - v + 3 = -3*a. Let k(n) be the third derivative of -n**4/8 - n**3/3 + 2*n**2 + 3*n. Calculate k(a).
4
Let n(q) be the first derivative of 37*q**2/2 - q - 357. Determine n(1).
36
Let l(b) = -2*b**2 + 8*b + 4. Let c(d) = d**2. Let p(w) = -c(w) - l(w). Let t be (-28)/5*5/4*-18. Let j be -7*((-123)/t - (-1)/(-6)). Determine p(j).
-4
Let p(g) be the third derivative of -g**4/6 + g**3/3 - g**2. Suppose -5*q = 4 - 29. Suppose -q*i = -25, 3*r - 6*r - 14 = -4*i. Give p(r).
-6
Let t(x) be the second derivative of -11*x + 0 + 6*x**2 - 1/3*x**3. Give t(8).
-4
Let p be -1 + 13/5 - 3/5. Let q(v) = -v + 1. Give q(p).
0
Let f(b) = -b**2 - b + 6. Let m(h) = h**2 - 4*h + 6. Let p be m(5). Let l = 13 - p. Suppose -4*g = -l*g. What is f(g)?
6
Suppose 9 = 2*w - 3*b, -10 = 2*b - 8. Let u be (-3 - 66)/(-3)*1. Let x(i) = 2*i - i + 30 - 2*i - u. Calculate x(w).
4
Suppose 3*r - 8 = 13. Let c(l) = l**3 + l**2 - 5*l + 3. Let i be c(1). Let k(s) = i + 2 + 2*s - r*s + 3*s**2 - 4*s**2. Give k(-5).
2
Let i = 5 + -11. Let a(c) = -c**3 - 3*c**2 - 4*c**2 - 9*c**2 - 6*c**2 + 6 + 2*c + 16*c**2. Give a(i).
-6
Let v be 4 + -3 + 2/2. Let a(u) = -20*u + 44*u - 9 + u**v - 18*u. Let c = 20 - 27. Give a(c).
-2
Let v(g) be the third derivative of -g**5/60 + 33*g**2 + 1. What is v(-2)?
-4
Let h = -148 - -893/6. Let p(n) be the third derivative of 0 + 0*n + 5*n**2 - 1/8*n**4 + h*n**3 - 1/60*n**5. Calculate p(-4).
1
Suppose 4*f - 5*n - 12 - 12 = 0, -2*n = 4*f - 24. Suppose -10*m - f = -7*m. Let r(j) = j**2 - 2*j - 3. What is r(m)?
5
Let l be (-7)/(-4) + (-2)/(-8). Suppose -10*h + 14 = 5*m - 6*h, 5*m + h = 11. Let i(x) = x**m + 5*x**2 + x - 4*x**2 + x. Calculate i(l).
12
Suppose 0 = -b + 5*w + 7, -b - 26 = -3*b - 2*w. Suppose -b*a + 8*a + 16 = 0. Let g(l) = l**3 - 3*l**2 - 2*l - 1. What is g(a)?
7
Let i(x) be the second derivative of -x**6/360 + x**5/60 - 3*x**4/2 + 19*x. Let t(a) be the third derivative of i(a). Determine t(4).
-6
Let u(w) = 6*w + 5*w - 90*w**2 + 95*w**2 + 1. Let d(n) = 6*n**2 + 12*n + 2. Let t(v) = -4*d(v) + 5*u(v). Give t(-7).
-3
Let j(z) = 9*z - z - 3*z - 4. Suppose 2*l + 6 = 3*w, 0 = -5*w - 2 + 22. Calculate j(l).
11
Let r(t) = t**3 - 5*t**2 + 6*t - 5. Let m be r(4). Suppose 2 = -m*n + 14. Let q(y) = 5*y - 2*y - y - n - y. What is q(0)?
-4
Let d(k) = k - 12. Let o = -32 - 28. Let x = 51 + o. Give d(x).
-21
Let g(o) = 6*o**3 + 8*o**2 + 10*o - 13. Let k(s) = -5*s**3 - 8*s**2 - 9*s + 12. Let z(y) = 4*g(y) + 5*k(y). Let q = -24 - -29. Let h = -12 + q. What is z(h)?
-6
Let z(k) = 6*k**3 + k**2 + k. Suppose 3*s = 15, -5 - 25 = 5*x - 5*s. Let b be ((-7)/(-21))/(x/3). What is z(b)?
-6
Let t(u) be the first derivative of -11 - 17*u - 1/4*u**4 + 1/2*u**2 + 1/3*u**3. Determine t(0).
-17
Let w(n) be the third derivative of n**8/10080 - n**7/1260 + n**6/360 + 3*n**5/20 + 3*n**2. Let t(v) be the third derivative of w(v). Give t(3).
8
Let u(d) be the first derivative of 19*d**3/3 + d**2/2 - 266. Let a = 2 - 3. Determine u(a).
18
Let a(x) = -x**2 + 9*x + 167. Let o be a(-9). Let r(t) = t**2 + 1. Let z = -6 - -7. Let h(l) = 2*l**2 - 3*l - 3. Let g(v) = z*r(v) - h(v). Give g(o).
-6
Let v(f) = -3*f**2 + 6*f - 10. Let y(c) = -7*c**2 + 13*c - 20. Let l(p) = 5*v(p) - 2*y(p). Calculate l(4).
-10
Let f(a) = 3*a + 13*a - 19*a + 10*a - 1 + 2*a. Give f(-1).
-10
Let j(f) = f - 43 + 47 + 2*f - 6*f. Let z be 1/3 + (-32)/(-12). Let k be j(z). Let l(y) = y**2 + 7*y + 7. Give l(k).
-3
Let i be -8*((-15)/6 + 2). Let l(b) = -b**2 + 7*b - 6. What is l(i)?
6
Let a(p) = 3*p + 3. Let y(u) = -2*u + 17. Let d be y(11). Let o(z) = -3*z - 2. Let i(w) = d*o(w) - 4*a(w). Calculate i(6).
16
Let a(t) be the third derivative of -t**5/60 + t**4/4 + 6*t**3 - 382*t**2. Determine a(9).
9
Let g be (-36)/(-234) + 74/26. Let z = g - 0. Let b(d) = 2 + 3*d + d - 4. Give b(z).
10
Suppose 3*k + 3*o - 7 = 14, -2*o = -5*k. Suppose 0 = c - 3*c + 4*i + 4, 10 = 5*c - 4*i. Let m(y) = c*y - 2 - 5*y + 6*y + 2*y. Determine m(k).
8
Suppose 5*s = 3*o - 58, 0 = -3*o + o - 4*s + 2. Let a(p) = p**2 - 12*p + 7. What is a(o)?
-4
Let z(r) = -r**3 + r**2 - r - 3. Suppose 8*s + 41*s - 10*s = 0. Calculate z(s).
-3
Let u(x) = 3*x - 3 + 1 + 12*x**3 + 1 - 11*x**3 - 2 - 6*x**2. Determine u(6).
15
Let u(v) be the third derivative of -5*v**2 - 1/6*v**4 + 0 + 1/2*v**3 + 0*v + 1/60*v**5. Suppose 10*x + 8 = 